divided by 6692?
59
Calculate the remainder when 341855 is divided by 27.
8
Calculate the remainder when 627992 is divided by 191.
175
Calculate the remainder when 31913693 is divided by 486.
17
What is the remainder when 101273 is divided by 1715?
88
What is the remainder when 2985310 is divided by 44?
42
Calculate the remainder when 241258 is divided by 5029.
4895
What is the remainder when 1155257 is divided by 78?
77
What is the remainder when 615278 is divided by 76898?
94
Calculate the remainder when 233879 is divided by 8426.
6377
Calculate the remainder when 44613670 is divided by 22306801.
68
What is the remainder when 630343 is divided by 8078?
259
Calculate the remainder when 151422 is divided by 581.
362
Calculate the remainder when 958944 is divided by 87176.
8
What is the remainder when 1857528 is divided by 928757?
14
Calculate the remainder when 2951053 is divided by 61.
56
What is the remainder when 11454190 is divided by 34?
32
What is the remainder when 731854 is divided by 243915?
109
What is the remainder when 9628566 is divided by 121879?
125
What is the remainder when 71339 is divided by 855?
374
Calculate the remainder when 36984457 is divided by 519.
517
What is the remainder when 7628235 is divided by 1135?
1035
What is the remainder when 575199 is divided by 70?
9
What is the remainder when 74929733 is divided by 2072?
2069
Calculate the remainder when 159163 is divided by 1040.
43
What is the remainder when 4758857 is divided by 139959?
251
Calculate the remainder when 8551781 is divided by 31.
28
What is the remainder when 431108 is divided by 34?
22
Calculate the remainder when 1725379 is divided by 43.
4
What is the remainder when 117518498 is divided by 500?
498
What is the remainder when 221392 is divided by 19777?
3845
What is the remainder when 978688 is divided by 1180?
468
Calculate the remainder when 291532 is divided by 1301.
108
What is the remainder when 115212 is divided by 28430?
1492
Calculate the remainder when 277355 is divided by 603.
578
Calculate the remainder when 243349 is divided by 6548.
1073
What is the remainder when 1678941 is divided by 1994?
1987
What is the remainder when 1161952 is divided by 53?
33
What is the remainder when 2600444 is divided by 1300222?
0
Calculate the remainder when 6606466 is divided by 7576.
194
What is the remainder when 16910 is divided by 15770?
1140
What is the remainder when 84560 is divided by 1754?
368
What is the remainder when 4823689 is divided by 135?
4
Calculate the remainder when 1225923 is divided by 153237.
27
Calculate the remainder when 33964193 is divided by 454.
453
What is the remainder when 60866 is divided by 1483?
63
Calculate the remainder when 2341408 is divided by 585341.
44
What is the remainder when 7339499 is divided by 185?
179
What is the remainder when 131351 is divided by 294?
227
Calculate the remainder when 1128103 is divided by 112806.
43
Calculate the remainder when 66299832 is divided by 2549993.
14
What is the remainder when 59126051 is divided by 12?
11
What is the remainder when 91450197 is divided by 3197?
12
Calculate the remainder when 3390016 is divided by 9366.
8890
What is the remainder when 207859 is divided by 1943?
1901
Calculate the remainder when 2031318 is divided by 8718.
24
What is the remainder when 1465497 is divided by 162?
45
Calculate the remainder when 172417 is divided by 996.
109
What is the remainder when 3217470 is divided by 1072484?
18
What is the remainder when 350217 is divided by 31836?
21
Calculate the remainder when 7603 is divided by 842.
25
What is the remainder when 34029 is divided by 16937?
155
Calculate the remainder when 44834 is divided by 987.
419
Calculate the remainder when 342396 is divided by 1847.
701
Calculate the remainder when 29931832 is divided by 5986359.
37
What is the remainder when 2869887 is divided by 402?
9
What is the remainder when 2450952 is divided by 1881?
9
Calculate the remainder when 9330749 is divided by 1984.
1981
Calculate the remainder when 27475 is divided by 596.
59
Calculate the remainder when 248245 is divided by 403.
400
Calculate the remainder when 42941639 is divided by 1130043.
5
What is the remainder when 15603041 is divided by 503323?
28
What is the remainder when 1362098 is divided by 138?
38
Calculate the remainder when 1659922 is divided by 1081.
587
What is the remainder when 21952123 is divided by 399129?
28
What is the remainder when 753063 is divided by 231?
3
What is the remainder when 26865 is divided by 26563?
302
Calculate the remainder when 260442 is divided by 17258.
1572
Calculate the remainder when 14017049 is divided by 11295.
11249
What is the remainder when 2103797 is divided by 1170?
137
What is the remainder when 7207773 is divided by 246?
219
Calculate the remainder when 246247 is divided by 365.
237
Calculate the remainder when 55502119 is divided by 93.
91
Calculate the remainder when 237502 is divided by 2932.
10
What is the remainder when 1369153 is divided by 1369144?
9
What is the remainder when 1508402 is divided by 5?
2
Calculate the remainder when 43446642 is divided by 35380.
2
Calculate the remainder when 375299497 is divided by 29.
28
What is the remainder when 3433616 is divided by 8350?
1766
Calculate the remainder when 338188 is divided by 169091.
6
Calculate the remainder when 11718613 is divided by 104.
101
Calculate the remainder when 7907073 is divided by 3134.
3125
What is the remainder when 535501 is divided by 528?
109
Calculate the remainder when 506434 is divided by 235.
9
What is the remainder when 248914 is divided by 3112?
3066
Calculate the remainder when 120058692 is divided by 2996.
2980
What is the remainder when 53019918 is divided by 2480?
2478
What is the remainder when 125011699 is divided by 142?
11
What is the remainder when 578770 is divided by 971?
54
What is the remainder when 12552 is divided by 303?
129
What is the remainder when 5362481 is divided by 766067?
12
What is the remainder when 753966 is divided by 2979?
279
What is the remainder when 3134305 is divided by 1133?
427
What is the remainder when 1889251 is divided by 629383?
1102
Calculate the remainder when 11976 is divided by 196.
20
Calculate the remainder when 949987 is divided by 330.
247
Calculate the remainder when 767398 is divided by 1685.
723
What is the remainder when 11271456 is divided by 16773?
0
What is the remainder when 193245 is divided by 1296?
141
What is the remainder when 1251898 is divided by 1251875?
23
What is the remainder when 2074507 is divided by 32?
11
What is the remainder when 190069 is divided by 474?
469
What is the remainder when 4158785 is divided by 2564?
2541
What is the remainder when 2665136 is divided by 98?
26
Calculate the remainder when 510404 is divided by 13401.
1166
Calculate the remainder when 124063 is divided by 2632.
359
What is the remainder when 1753247 is divided by 194804?
11
Calculate the remainder when 578986 is divided by 335.
106
What is the remainder when 56302 is divided by 2595?
1807
Calculate the remainder when 503035 is divided by 413.
1
Calculate the remainder when 10252283 is divided by 19.
16
Calculate the remainder when 135676883 is divided by 574902.
11
Calculate the remainder when 1957840 is divided by 27969.
10
What is the remainder when 348554 is divided by 34519?
3364
What is the remainder when 4026492 is divided by 2013185?
122
Calculate the remainder when 7436122 is divided by 12.
10
Calculate the remainder when 960612 is divided by 13.
3
Calculate the remainder when 36036005 is divided by 27.
23
What is the remainder when 66050 is divided by 64839?
1211
What is the remainder when 830820 is divided by 29671?
32
What is the remainder when 545442679 is divided by 8?
7
Calculate the remainder when 56034219 is divided by 3308.
7
What is the remainder when 1367752 is divided by 257?
255
Calculate the remainder when 2326645 is divided by 93065.
20
What is the remainder when 249668 is divided by 4844?
2624
Calculate the remainder when 27692024 is divided by 2247.
2243
Calculate the remainder when 14629141 is divided by 4876378.
7
What is the remainder when 164279 is divided by 924?
731
What is the remainder when 991214 is divided by 1657?
328
Calculate 